base 13, what is 64 + -18c64?
-18c00
In base 14, what is -9235 - 3?
-9238
In base 14, what is 1c - -d7?
115
In base 9, what is 842 + 1377?
2330
In base 14, what is 5383 + 0?
5383
In base 9, what is 1 + -183520?
-183518
In base 10, what is -2 - 3193?
-3195
In base 16, what is -2 + -ea2?
-ea4
In base 6, what is 1230102 + 2?
1230104
In base 14, what is -10d - cd?
-1dc
In base 5, what is -121 - -102410?
102234
In base 8, what is 1016 + 37?
1055
In base 13, what is -2 + -30970?
-30972
In base 14, what is a79 - -62?
adb
In base 8, what is -7 - -560156?
560147
In base 7, what is -1023366 - -12?
-1023354
In base 6, what is -1 + -30520534?
-30520535
In base 11, what is -39 + -24390?
-24419
In base 8, what is 220210 + -3?
220205
In base 13, what is -2298 + 16?
-2282
In base 13, what is -39685 - 8?
-39690
In base 2, what is -1101001011011 - -1100111?
-1100111110100
In base 6, what is 51100 - 35?
51021
In base 11, what is 655 + -195?
470
In base 9, what is 7700 + 0?
7700
In base 4, what is -200120 + -30?
-200210
In base 9, what is 1 - 548000?
-547888
In base 4, what is -3 - 323323202?
-323323211
In base 5, what is 14020 - -1004?
20024
In base 13, what is -3 + -106312?
-106315
In base 14, what is 950 + -30c?
642
In base 6, what is 3 - -1012242?
1012245
In base 15, what is -1e + a9b7?
a998
In base 11, what is 1 - 11987?
-11986
In base 3, what is 11212121212012 + 0?
11212121212012
In base 9, what is 5 - -137300?
137305
In base 2, what is 1 - -11101100110010110101?
11101100110010110110
In base 4, what is -103101 + -230?
-103331
In base 13, what is -13 - -98a2?
988c
In base 14, what is 7a0 + 173b?
20db
In base 15, what is 5 - -1e630?
1e635
In base 8, what is 43644 - 5?
43637
In base 13, what is -1 - -3caa?
3ca9
In base 13, what is -48 - 122?
-16a
In base 6, what is -11154404 + 2?
-11154402
In base 9, what is -10781372 - 2?
-10781374
In base 16, what is -5 - 52739?
-5273e
In base 9, what is 33377 - 36?
33341
In base 6, what is 3253435 + -4?
3253431
In base 9, what is -10 - -3143?
3133
In base 3, what is 2212120 + -1200?
2210220
In base 8, what is 341 + 3305?
3646
In base 13, what is 14b7 - -2?
14b9
In base 5, what is -1042321 + -4?
-1042330
In base 9, what is -313 - 26432?
-26745
In base 7, what is 153151 + 2?
153153
In base 11, what is -147 + a?
-138
In base 4, what is -3102031 - -310?
-3101121
In base 3, what is -201210 + -20?
-202000
In base 3, what is -10 - 1101112210021?
-1101112210101
In base 7, what is -1 - 134123?
-134124
In base 15, what is -5 - 2ac2?
-2ac7
In base 8, what is 102374 - 65?
102307
In base 11, what is 131261 + -3?
131259
In base 2, what is 1001101 - 100011?
101010
In base 6, what is -52552130 + 5?
-52552121
In base 7, what is -206 + 16?
-160
In base 9, what is -45 + -4721?
-4766
In base 3, what is 111021021 - 111?
111020210
In base 7, what is -2114236 - 2?
-2114241
In base 13, what is -32 - -19609?
195a7
In base 9, what is 12817 - 26?
12781
In base 10, what is -148 + -14?
-162
In base 9, what is -31555 + 4?
-31551
In base 12, what is -a - -b3722?
b3714
In base 3, what is 1022020020 + 1001?
1022021021
In base 4, what is 20011330 + -11?
20011313
In base 7, what is 2 + 1121465?
1121500
In base 2, what is -1011110 - 1011110101?
-1101010011
In base 12, what is 5 - 3060?
-3057
In base 14, what is a2 + 1a8?
26a
In base 14, what is 47b20 - -3?
47b23
In base 7, what is -36 - -1352?
1313
In base 15, what is 1950 + 0?
1950
In base 7, what is 0 + 15102?
15102
In base 5, what is 21 + -3311?
-3240
In base 13, what is -2396 + 28?
-236b
In base 4, what is 2 - 2130103?
-2130101
In base 4, what is -3 - -11103010?
11103001
In base 7, what is -2324 + -253?
-2610
In base 2, what is -110 + -1110110011?
-1110111001
In base 5, what is 140 - 123100?
-122410
In base 4, what is 10231121 - -120?
10231301
In base 5, what is -1 + 1303424?
1303423
In base 13, what is -37 - 486?
-4c0
In base 2, what is 11111010000001001001 + -11?
11111010000001000110
In base 7, what is -2 + 2526503?
2526501
In base 12, what is -458b - 12?
-45a1
In base 8, what is -235 - -772?
535
In base 6, what is 234020 + 42?
234102
In base 9, what is -1 + -52604?
-52605
In base 6, what is 0 - -11533220?
11533220
In base 13, what is 1 + 956?
957
In base 4, what is 113031132 - 12?
113031120
In base 15, what is 21e83 + 2?
21e85
In base 16, what is b0 + -94?
1c
In base 3, what is 1100122020 + -1100?
1100120220
In base 15, what is -43 + -1e97?
-1eda
In base 7, what is -1003235 + -5?
-1003243
In base 10, what is -284 + 0?
-284
In base 9, what is 53 + -383?
-330
In base 13, what is 4624 - -8?
462c
In base 2, what is -11 - 10110000111000?
-10110000111011
In base 2, what is -10011 + -11111011101000?
-11111011111011
In base 7, what is -134013 + 13?
-134000
In base 8, what is -76224 - 0?
-76224
In base 10, what is -3614843 + -5?
-3614848
In base 7, what is 20161 + 0?
20161
In base 9, what is 101 + -427?
-326
In base 5, what is 4 + -21131?
-21122
In base 2, what is -110110000100 + -1101?
-110110010001
In base 2, what is -1100000010011110101 + 11?
-1100000010011110010
In base 4, what is 222 + 120010?
120232
In base 14, what is -24 + 126?
102
In base 5, what is 112 + 2122?
2234
In base 15, what is -a0d56 + 4?
-a0d52
In base 10, what is 2884 + 172?
3056
In base 7, what is -616511 + -10?
-616521
In base 14, what is -15a7 - 55?
-161c
In base 14, what is a4 - 776?
-6b2
In base 6, what is 11241 + -10544?
253
In base 9, what is -4 + -20483?
-20487
In base 12, what is -161b42 + -5?
-161b47
In base 10, what is 22 + -405?
-383
In base 4, what is -112031210 + -3?
-112031213
In base 8, what is 12356 + -5?
12351
In base 14, what is 1c1 - -494?
675
In base 12, what is 5 + 3250?
3255
In base 14, what is d8 + 155d?
1657
In base 13, what is 1 - b08b?
-b08a
In base 15, what is 476 - bd?
3a8
In base 3, what is 1102101 - 1000?
1101101
In base 9, what is 348 - 187?
151
In base 15, what is -4 + 37140?
3713b
In base 2, what is -101100110001111 + 11001?
-101100101110110
In base 8, what is 124006 + 1?
124007
In base 16, what is 3 - 1482?
-147f
In base 7, what is 1 + 5324?
5325
In base 13, what is 1b + 7644?
7662
In base 13, what is 11b2a0 + 4?
11b2a4
In base 9, what is 653528 + 0?
653528
In base 9, what is -58545 + 7?
-58537
In base 4, what is -11211333 + -32?
-11212031
In base 8, what is 56634 - -2?
56636
In base 7, what is 0 + -1515105?
-1515105
In base 16, what is -a + 8ebf?
8eb5
In base 13, what is -4 + 6a10?
6a09
In base 13, what is -5 + 1878c?
18787
In base 2, what is 100010011111001 + -101100?
100010011001101
In base 7, what is 20130 - -251?
20411
In base 8, what is 100213242 + 3?
100213245
In base 14, what is 22ab - -8?
22b5
In base 8, what is -1 - 42533?
-42534
In base 8, what is 1 - 36662?
-36661
In base 6, what is -54401053 - -1?
-54401052
In base 5, what is -14432412 + -3?
-14432420
In base 11, what is 304a26 + -4?
304a22
In base 3, what is 2 - 2210100021112?
-2210100021110
In base 12, what is -7176 + 13?
-7163
In base 3, what is 10120010002 - 2?
10120010000
In base 12, what is -1420 - -b4?
-1328
In base 8, what is 4 + 616665?
616671
In base 7, what is -1160535 + -4?
-1160542
In base 8, what is -1126 + -4?
-1132
In base 9, what is -22145 + -160?
-22315
In base 12, what is -17b496 - 2?
-17b498
In base 2, what is 0 + -100100011100?
-100100011100
In base 10, what is 249689 - -1?
249690
In base 3, what is 2022121 - -1011?
2100202
In base 4, what is -2 + 12030211?
12030203
In base 8, what is -10 + -50560?
-50570
In base 7, what is -12316 - 312?
-12631
In base 9, what is -7453 + -1?
-7454
In base 15, what is 480a - -1?
480b
In base 11, what is 21aa9 - -6?
22004
In base 3, what is 12 + -1011222222210?
-1011222222121
In base 8, what is -14710 - 322?
-15232
In base 12, what is -18 + -43?
-5b
In base 16, what is 35c - -1e3?
53f
In base 6, what is 14513002 + 1?
14513003
In base 3, what is 10012 - 110?
2202
In base 16, what is 6a0e - -19?
6a27
In base 9, what is -347365 - -1?
-347364
In base 10, what is 4 - 70466?
-70462
In base 5, what is -14 + 33234?
33220
In base 11, what is 245 - 4710?
-4476
In base 7, what is 66 - 32154?
-32055
In base 11, what is -5 + -55855?
-5585a
In base 12, what is -31b8 - -6?
-31b2
In base 13, what is -203 + 70?
-163
In base 12, what is -3a2 + 286?
-118
In base 16, what is 4 - -6c2f?
6c33
In base 5, what 